9*y**2 - 2*y. Let x be t(c). Calculate the greatest common factor of 18 and x.
18
Let u be (1 - -6)*(3 + -4). Let k be (-2)/u - (-270)/35. What is the greatest common divisor of 72 and k?
8
Let x(y) = -y - 1. Let c be x(-5). Suppose 2*r = 0, 4*r = c*g - 291 + 27. Calculate the highest common divisor of 22 and g.
22
Let g = 223 - 154. Suppose 2*u - 18 - 28 = 0. What is the greatest common factor of u and g?
23
Let b be -1 + 6/4*14. Let d be (0 + (-2)/2)*-160. What is the greatest common factor of b and d?
20
Let c = 1 - 16. Suppose -4*u - 11 = 2*o + 5, 20 = 5*o - 2*u. Let l be c/(-2) + o/4. Calculate the greatest common factor of l and 8.
8
Let o be (-3)/(-15) + (-324)/(-30). Calculate the highest common factor of o and 66.
11
Suppose -120 = -2*l - 4*l. What is the highest common factor of 5 and l?
5
Let g(m) = -5*m + 4. Let f(k) = 45*k - 35. Let z(o) = -4*f(o) - 35*g(o). Let y be z(-1). Calculate the greatest common divisor of y and 40.
5
Suppose -8*d = 5*d - 156. What is the highest common factor of d and 12?
12
Let r = 14 + -9. Suppose -r*o - 7 = -22. What is the highest common factor of 27 and o?
3
Suppose s + s = 56. Suppose -s - 92 = -4*d. Let l be -3*((-26)/3 - -2). What is the highest common divisor of l and d?
10
Suppose 0 = -4*m + 4*x + 52, -2*x = 3*m + x - 9. Let c = m - 6. Calculate the highest common factor of 8 and c.
2
Let p be (-1212)/(-10) - (-9)/(-45). Let f = -66 + p. What is the greatest common divisor of 22 and f?
11
Let q be 20*(3 - 25/10). Calculate the highest common factor of q and 10.
10
Let l(h) = h**2 - 2*h - 3. Let j be l(5). Suppose 0 = -2*b + j + 24. Let d be 20/3 + 6/b. Calculate the greatest common divisor of d and 35.
7
Suppose 4*s + 5 + 11 = 0. Suppose -i + 4*i - 18 = 0. Let q be ((-60)/s)/(i/4). What is the highest common divisor of q and 4?
2
Let p be (0 + -4)*3/(-6). Suppose 4*u - 48 - 8 = 0. What is the greatest common factor of p and u?
2
Let a = 44 - 14. Calculate the highest common divisor of a and 270.
30
Let g = 102 - 93. Calculate the highest common divisor of g and 99.
9
Let m(u) = -u**3 - u**2 - 2*u + 120. Let c be m(0). Calculate the highest common divisor of c and 24.
24
Let i be (22/(-3) - 0)*-3. What is the highest common factor of 11 and i?
11
Let y = 13 + -9. Let u = 8 + y. Calculate the greatest common divisor of 18 and u.
6
Suppose 0 = -k + 2 - 1. Suppose -2*q + 3 - k = 0. What is the greatest common divisor of q and 11?
1
Let x = 829 + -565. Suppose -66 = 5*c - g, 0 = 2*c + 5*g - 7 + 55. Let b = c - -38. What is the greatest common factor of x and b?
24
Suppose -5*a - 5 = 0, 2*g + 3*a + 38 = 3*g. Calculate the highest common divisor of 175 and g.
35
Suppose 3*c + 7 = 4*c. Let r = 17 - c. Calculate the greatest common divisor of 25 and r.
5
Let f = 47 + 97. Calculate the greatest common divisor of 16 and f.
16
Let l = 24 + 58. Let y = 118 - l. Suppose 2*t = 5*t - y. Calculate the highest common factor of 18 and t.
6
Let s(c) = 2*c - 13. Let x be s(9). Suppose 37 = x*v + 12. Suppose -5 - 3 = 4*j, -2*p = v*j - 6. Calculate the greatest common divisor of p and 40.
8
Let u = -109 + 118. Let a be -48*(-1 - (-1)/(-2)). What is the greatest common factor of u and a?
9
Let x = 54 - -27. Suppose -5*w + 2*w + x = 0. Let f(y) = -y**2 + 9*y - 9. Let m be f(6). What is the highest common factor of w and m?
9
Suppose 2*n = -5*t + 99 - 24, 0 = 4*n - t - 139. What is the greatest common divisor of 70 and n?
35
Let d = 5 - 3. Let c(g) = -9*g - 9. Let k be c(-4). Let z = k + -13. What is the greatest common factor of z and d?
2
Let c be -4*(3/(-2) + 1). Let u = 141 - 101. Suppose 0 = -5*d + b + u, -4*b = -d + c + 6. Calculate the highest common factor of d and 16.
8
Let b(n) = -3*n - 11. Suppose 50 = -5*q - w, -3*q = q - 4*w + 16. Let k be b(q). Calculate the greatest common divisor of k and 16.
16
Let l = 7 + -5. Suppose 0 = -5*j - 25, 2*y + l*y + j - 75 = 0. Calculate the greatest common factor of 60 and y.
20
Let i(t) = t**3 + 3*t**2 - 11*t + 11. Let s be i(3). Calculate the greatest common factor of s and 144.
16
Let j be 6/(-9) - 70/(-6). Calculate the highest common factor of j and 11.
11
Let v = -22 - -20. Let r be ((-441)/14)/(v/4). What is the greatest common factor of 21 and r?
21
Let h(k) = 3*k - k - 3*k + 1. Let v be h(-2). Calculate the highest common factor of 21 and v.
3
Suppose 4*t + 138 = 2*r, 0 = -r + 2*r + 2*t - 53. Suppose 0 = 3*g + 2*d - 233, -r = -4*g + 3*g - 4*d. Calculate the greatest common divisor of 9 and g.
9
Suppose 2*r + 1 + 3 = 0. Let s be 15*(10/6 - r). Calculate the highest common divisor of s and 11.
11
Let p be 0 + (3 - -24) - -3. Suppose 0 = -0*h - 2*h + p. What is the greatest common divisor of h and 6?
3
Let r = 5 - -1. Let g = -3 + r. Suppose 2*u - g*o - 59 = 0, 157 - 42 = 4*u - 5*o. Calculate the highest common divisor of u and 5.
5
Let i be (1 - 25)*(-9)/12. Suppose -2*o + 3 + 13 = 0. Suppose -o = -z + 4. What is the greatest common factor of z and i?
6
Suppose -2*a + 40 = -0*a + 2*t, 0 = -4*t - 4. Calculate the highest common divisor of 231 and a.
21
Suppose -18 = -5*k - 3. Suppose -2*g - k*g - 10 = 0. Let o(i) = 18*i**2 - 2. Let l be o(g). What is the highest common factor of l and 28?
14
Suppose -24 = 87*t - 90*t. Calculate the highest common factor of t and 152.
8
Let q = 9 - -3. Let j(f) = f**2 - 6*f - 4. Suppose -4*h - h = -40. Let w be j(h). Calculate the greatest common factor of q and w.
12
Suppose 4*j + 2 = 14. Calculate the greatest common divisor of 1 and j.
1
Let m = -25 + 61. Calculate the highest common divisor of m and 12.
12
Let g(p) = 2*p**3 + 17*p**2 - 10*p + 1. Let z be g(-9). Suppose 0 = -y - 0*y + 5. Calculate the highest common factor of y and z.
5
Let u(w) = 2*w**2 + 11*w + 10. Let p be 10/(-35) - 54/7. Let b be u(p). What is the highest common divisor of 75 and b?
25
Suppose -3*x + 1 + 5 = 0. Suppose -s - 4*j = -3*s + 44, j - 13 = -s. Calculate the greatest common divisor of x and s.
2
Let w = 6 - 4. Suppose -3*o + 1 = -w*o. Let r = -2 + 10. Calculate the highest common divisor of r and o.
1
Suppose -18*q + 12*q + 1110 = 0. What is the greatest common factor of q and 37?
37
Let t = 156 + -147. Calculate the greatest common factor of 63 and t.
9
Suppose -17*t + 12*t = -75. Suppose -4*x = 4*c - 124, -2*x - 3*c + 34 = -29. Calculate the greatest common factor of t and x.
15
Let h be (-2660)/(-60) + (-2)/6. Calculate the highest common factor of 66 and h.
22
Let k(a) = a**2 - a - 6. Let j be (-3 + (-27)/(-6))*-2. Let i be k(j). What is the highest common factor of i and 18?
6
Let i(y) = -y + 10. Let m(g) = -g - 10. Let f be m(-10). Let s be i(f). Let d = -18 - -28. What is the greatest common factor of s and d?
10
Let r = -113 - -212. What is the highest common factor of 9 and r?
9
Suppose 15 = j - 7. What is the highest common factor of j and 33?
11
Let g = -3 - -1. Let z be -1*13 - (-1 - g). Let l be (-133)/z + 1/(-2). Calculate the highest common divisor of 18 and l.
9
Let q = -22 - -36. Let i = 62 - 34. Calculate the greatest common divisor of q and i.
14
Let s be (2/(-2))/((-6)/102). Suppose 5*p - 39 = o, 0 = -3*p + p - o + s. Let d = -115 + 179. Calculate the greatest common divisor of p and d.
8
Let i be (-2 - 6/(-9))*6. Let o be (1 + i/(-2))*9. What is the highest common factor of 18 and o?
9
Let j(f) = f**2 - 4*f. Let o be j(6). Suppose 6*d - 2*d - o = 0. What is the greatest common factor of 2 and d?
1
Let y(k) = -k**2 - 3*k + 6. Let o be y(-12). Let j = o + 144. What is the highest common divisor of 6 and j?
6
Let g = -13 + 21. Suppose b + b = g. Let c(a) = a**2 + 5*a + 4. Let i be c(-5). Calculate the greatest common divisor of b and i.
4
Let i be (39/6)/((-1)/2). Let d = 81 + i. Suppose 4*z + p - d = 23, z = 2*p + 16. What is the highest common factor of 55 and z?
11
Let i(d) = -d**3 - 4*d**2 - d. Let r be i(-4). Let h = -10 - -16. Calculate the highest common factor of r and h.
2
Suppose 5*h - 195 = -5*m, 3*h + 103 = -m + 3*m. Suppose 5*o - m = o. Suppose 0 = -4*b + 60 + 160. What is the greatest common factor of b and o?
11
Let i = 19 + -9. Suppose -13*y = -14*y + 80. Calculate the highest common divisor of y and i.
10
Suppose -4*v + 210 = 5*x, -2*v - 168 = -4*x - 3*v. Suppose u = 3*u - x. What is the greatest common factor of 